(1 - 3)?
4
What is -12 - -4 - -20 - 11?
1
What is 0 - 2 - (1 + -6 + 2)?
1
Calculate 4 + 2 + -5 + 2 - -2.
5
-5 - (0 + -7) - (0 - -6)
-4
What is the value of 7 + (-5 + 6 - 8)?
0
What is the value of -1 - (0 + (0 - (0 + -2)))?
-3
Evaluate (-2 - -5) + 0 + -3 + 0.
0
Calculate -61 + 46 + (-1 - -10).
-6
Calculate (0 - 1) + -6 + (-1 - -10).
2
(5 - -4) + (6 - 13)
2
Evaluate -3 - (-5 + (11 - 5)).
-4
What is -5 + -9 + (-4 - -18)?
0
Calculate 4 + 2 - (3 + -4 + 8).
-1
What is (-1 - (5 + -5)) + -2?
-3
Calculate -1 - (8 + -7) - -2.
0
What is the value of 2 + -3 + (18 - (-3 + 11))?
9
What is the value of 1 + (-3 - (7 - 9))?
0
What is (-11 - (7 + -9)) + 9?
0
(-1 - (1 + -2)) + 134 + -140
-6
What is the value of (0 - -4) + 1 + -10?
-5
What is the value of -8 + 2 + (0 - 0) - -3?
-3
What is -1 - (2 + 2 - 5)?
0
Calculate -5 - (-1 - (-3 - -1) - 1).
-5
Evaluate (-4 + 12 - 1) + 0.
7
Calculate (-2 - 3) + (-3 - -7) - -5.
4
Evaluate -9 + 8 - (-2 + -2 + 0).
3
What is 6 - (-11 + 7 - -5)?
5
What is -6 + -1 - (17 - (10 - -20))?
6
What is -1 - (-2 + 5) - -6?
2
Calculate (-26 - -22) + -5 + 3 + 5.
-1
Evaluate -8 - (-20 + (-1 - -11)).
2
What is the value of -1 + 4 + (106 - 108)?
1
Calculate -14 - (2 + -2) - (-6 - 0).
-8
What is (-10 - -20 - 5) + 5?
10
Evaluate 1 + 0 + (1 - (2 - 2)).
2
What is 0 + 0 - (8 - (-6 + 8))?
-6
What is (5 - 11) + -5 + 6?
-5
Evaluate 0 + (-1 - -4) - 2.
1
What is (1 - -5) + (6 - -4) + -15?
1
What is the value of -5 + (-1 - -7) - 6?
-5
What is the value of -8 + (3 - (1 + 0)) - -8?
2
Evaluate -1 - (3 - 0) - (4 - 2).
-6
What is -1 + 7 + -20 + 13?
-1
What is the value of 2 - (5 - 1 - (1 - -2))?
1
What is (-18 - -11) + 5 + -2?
-4
Calculate (2 - 1) + -3 - 3.
-5
-15 - -34 - 12 - (1 - -6)
0
Evaluate -3 - ((-17 - -15) + (-1 - 2)).
2
Evaluate -9 - (-3 + -4 - (-4 + 1)).
-5
What is the value of (75 - 77) + 4 + 0?
2
Evaluate (6 - (0 - -1)) + -8 + 10.
7
Calculate 2 + -14 - (7 + -17).
-2
-4 + (-1 - (-1 + (2 - 1)))
-5
4 - ((2 - 6 - -6) + 7)
-5
What is the value of -24 - -18 - -3 - (1 - 0)?
-4
What is the value of (-11 - (2 + 0)) + 5 - -5?
-3
What is the value of 6 + (0 - 0) + (-3 - 0)?
3
Evaluate 3 + 1 + -3 + -5.
-4
Evaluate 7 - (9 - 4 - (4 + -1)).
5
Calculate -2 - (-2 + 2 + -4 + -3).
5
Calculate 6 + 0 + 1 + (0 - 2).
5
What is the value of 2 - (-3 - (-2 + 3 + -1))?
5
What is the value of (0 - 7) + -2 + 3?
-6
What is -1 + (-2 - -4) - 6?
-5
What is the value of 1 - 5 - (-8 - (-4 - -8))?
8
What is the value of -1 + 11 + -1 - (6 + 0)?
3
What is the value of -5 - (-4 + 1 + -2)?
0
Evaluate -1 + (10 + -12 - -9).
6
Calculate -2 + -5 + 4 + (0 - 5).
-8
-9 - (-6 + 6 - 6)
-3
Calculate -8 - (6 + 5 + -15 - -4).
-8
What is (2 - 8) + 12 + -12?
-6
Evaluate (9 - 6) + 0 - 5.
-2
What is the value of 5 + -6 + 2 - (0 - -3)?
-2
What is the value of -14 + 13 - (-8 + (5 - 3))?
5
What is 0 - 1 - (0 - (-1 + -1))?
-3
What is the value of (3 - 9 - -2 - -13) + -3?
6
Calculate -4 + 4 + 2 - 10 - -4.
-4
What is 1 - (0 - 0 - (13 - 9))?
5
What is the value of (-8 - -22 - 9) + -6?
-1
What is 1 - (-6 - (-13 + 3))?
-3
1 + (-10 + -1 + 3 - -3)
-4
Evaluate (-5 - 2) + 0 + 3 + 1.
-3
-14 + 2 + 8 - -13
9
Calculate 7 + -3 - (1 - 1).
4
Calculate -1 + (-5 - (2 + -13 - 0)).
5
What is (3 - 4) + 10 + -5 + -1?
3
What is the value of (1 - 2) + (-11 - -10)?
-2
Evaluate -1 + (-2 + -3 - -11).
5
Evaluate 4 - (-11 - -12 - -12).
-9
Evaluate 4 - (-10 - -4 - -4 - -1).
5
Evaluate -15 + 1 - (-35 - -28) - -7.
0
Calculate -1 + -5 + 44 + -33.
5
Calculate (-10 + (10 - 7) - -12) + -12.
-7
What is the value of 3 - (3 + 1 + 14 + -17)?
2
What is the value of 8 + (-6 - -11) + -8?
5
Calculate 8 + -9 - -4 - -2.
5
9 + -8 + -6 - -4
-1
What is the value of -2 + (4 + 0 - 1) + -4?
-3
What is the value of (2 - 5) + (-1 + 2 - -2)?
0
Calculate -13 + 0 - (2 - 8).
-7
-10 + (-7 - (-2 - 11))
-4
What is the value of -10 + -1 + 23 + -9?
3
Calculate -2 + 2 - 1 - (-52 - -46).
5
Evaluate 3 - (2 - (4 - 3)).
2
Evaluate 1 - (2 - 0) - (-10 - -9).
0
Calculate (-1 + -1 - -3) + (1 - 7).
-5
-9 - ((-4 - -3) + -3)
-5
Evaluate 0 + (6 - 7 - 6).
-7
13 - ((18 - 4 - 6) + -2)
7
4 + -5 + -7 - -9
1
What is the value of 3 - (0 - (-7 - 1))?
-5
What is the value of 5 + -5 + 1 + 0?
1
Calculate 3 + -3 + (-2 + 1 - 3).
-4
What is 15 + (5 - 8 - -3 - 8)?
7
Calculate 15 + -14 + -2 + -3.
-4
What is the value of 1 + -4 + 0 + 4?
1
-43 + 46 - (-1 + 0 - -10)
-6
Calculate -14 - -11 - (3 + -3 + 2).
-5
Evaluate 18 - 23 - (1 + -4).
-2
What is the value of -6 - (-18 + 5) - 9?
-2
What is the value of 2 + (-6 - (-3 - (-5 - -5)))?
-1
What is 9 - (4 - -2) - (-6 + 5)?
4
Evaluate 0 - (1 - 4 - (-4 + 1)).
0
What is -5 - (-4 - 1) - -1?
1
What is the value of (10 - 2) + (5 - 16) + 7?
4
What is 7 - (-6 - -13) - -5?
5
-5 + (1 - -1) - (-2 - 6)
5
-6 + (1 - -1) + 4 + -7
-7
What is -11 + -10 + 12 - -9?
0
What is the value of (72 - 70) + (1 + -2 - -2)?
3
Calculate 2 - (6 + 1) - -10.
5
Calculate 18 + -19 - (0 - -4).
-5
Calculate 0 - -8 - (-11 - -7 - -8).
4
What is the value of 18 - 13 - (3 - 3)?
5
What is the value of -16 + 7 + (7 - 3)?
-5
Calculate (-4 - (-3 - -5 - 2)) + 2.
-2
(3 - 5) + (5 - 2)
1
What is the value of (-6 + 5 - (5 - -1)) + 10?
3
What is the value of -1 + 2 - (3 + -10 + 11)?
-3
What is 1 - (-3 - (3 - 6))?
1
What is -4 + (7 - 3) - -2?
2
9 + -5 + -17 + 8
-5
Calculate (-9 - (4 - 7)) + 8.
2
Calculate (-1 - -1) + (-4 - -1) + 7.
4
What is 5 + 4 + -5 - (3 - -2)?
-1
Evaluate -29 + 25 - (5 - 2 - 0).
-7
What is the value of -6 + (-4 + -5 - -8)?
-7
What is the value of 4 - 1 - (-3 - -8)?
-2
What is the value of (-4 - 0 - (7 - 7)) + -1?
-5
What is the value of -3 + (-1 + 8 - 0) + 1?
5
Calculate (18 - 12) + -6 + -1.
-1
Evaluate 6 - 1 - (-7 + -7 + 13).
6
-5 + 2 + 3 + 0
0
5 + 2 - 4 - 6
-3
What is the value of -3 + -1 + (5 - 7 - -6)?
0
What is -7 + (-7 + 4 - -10)?
0
Calculate 0 + (-3 - -1) + -4 + 5.
-1
Evaluate -3 - (5 + (5 - 18) - -3).
2
What is the value of (-1 - 1) + 5 + -1?
2
11 + -12 - (-1 - 4)
4
Evaluate 2 - 1 - (4 + -6).
3
What is the value of 4 - (-2 - 1) - (3 - 1)?
5
Evaluate 5 + -5 + -3 + 3 + 4.
4
What is the value of 3 + -7 - (-3 - -2)?
-3
What is the value of (6 - 9) + (-3 + 9 - 1)?
2
What is the value of -1 + (-14 - -8) + 10 + -4?
-1
What is the value of 2 + -6 - ((4 - 5) + 5)?
-8
What is the value of 7 - (-1 - (-9 + 0))?
-1
Calculate 3 + -4 + (3 - 1).
1
(-4 - -2) + 2 + -3
-3
What is -3 + 3 - (-25 + 33)?
-8
Calculate -1 + (2 + -4 - (-4 + 4)).
-3
Calculate (0 - -1) + -5 - -2.
-2
Evaluate (-12 - -6 - -7) + 3.
4
0 + (-6 - -2) + 8
4
Calculate 1 - ((1 - (-2 - -4)) + -3).
5
7 - (11 + 5 + 3) - -4
-8
14 + -1 + 49 + -68
-6
(-4 - (-6 + (6 - -4))) + 7
-1
Evaluate 6 + -1 + 51 + -60.
-4
What is -11 - (7 + -10) - -13?
5
Evaluate 5 + (-10 - (-1 - 3)).
-1
Calculate 1 - 1 - (-4 - -2).
2
Evaluate 25 + 9 + -18 - 7.
9
What is 0 + (-5 - -5) - -3?
3
(2 - -4) + 1 - (-1 + 3)
5
-2 + (5 - (7 - 1)) + -4
-7
-1 - -1 - -1 - (14 - 11)
-2
Calculate (-3 - 2) + 10 + (-4 - 3).
-2
-7 - (-4 + 1) - -6
2
What is (-1 - -8) + (-84 - -76)?
-1
-12 - (-2 - (7 + 3))
0
What is the value of 11 - (8 - -6) - -14?
11
What is the value of 3 + 1 + -6 + -2 + 5?
1
What is the value of -15 - -10 - (2 - 4)?
-3
What is the value of 1 + -2 - (0 + 5 - 9)?
3
Calculate -8 + 5 + 9 + -4.
2
What is the value of (8 - 4) + -11 + 15 + -6?
2
What is 11 + -16 - (1 + -2)?
-4
Evaluate -1 - 0 - (70 + -77).
6
What is the value of -1 - (4 - (0 + 1))?
-4
Evaluate -2 + -1 - (2 + -3).
-2
(-135 - -123) + (11 - -1)
0
What is the value of 4 + 0 + (0 - (-4 + 4))?
4
What is 0 - (-2 - (6 + -4 + -2))?
2
What is 1 + 7 + 6 - 6?
8
What is the value of -8 - -3 - (-6 - -3)?
-2
What is the value of -8 + (7 - (-4 - (-3 - 1)))?
-1
Evaluate 2 - (-4 + 2) - (41 - 41).
4
(1 - (-4 - -6)) + -2 + 0
-3
What is the value of 14 - 6 - (9 + -3 + -1)?
3
Calculate (4 - (5 - -3)) + 2.
-2
What is the value of 18 + -15 + -4 - (4 - 0)?
-5
Evaluate (-3 - (4 - 10)) + 7 - 2.
8
-1 + -10 + 42 + -36
-5
What is 3 + 9 + -10 + -8?
-6
Calculate 2 - (-3 + 11) - -13.
7
-4 - (-2 - -1) - (73 + -78)
2
What is the value of -3 - ((-3 - -7) + -11)?
4
(23 - 19) + (1 - (-4 + 6))
3
Calculate 4 - (9 + (-8 - -6)).
-3
What is (-4 - -5) + -5 - -3 - 4?
-5
Calculate -2 + 1 + 6 - (85 + -76).
-4
What is -2 + 1 - -6 - (-56 - -56)?
5
(-3 - (-2 - -1 - 1)) + 0
-1
What is -1 - (1 + (4 - 6))?
0
What is the value of -10 - -10 - (-2 + -1)?
3
